{"id":188,"date":"2022-08-08T10:18:17","date_gmt":"2022-08-08T10:18:17","guid":{"rendered":"http:\/\/www.sdkolejarz-nskalmierzyce.com\/?page_id=188"},"modified":"2022-08-08T10:18:17","modified_gmt":"2022-08-08T10:18:17","slug":"festyn-dzialkowca-2022r","status":"publish","type":"page","link":"http:\/\/www.sdkolejarz-nskalmierzyce.com\/index.php\/festyn-dzialkowca-2022r\/","title":{"rendered":"Festyn Dzia\u0142kowca 2022r"},"content":{"rendered":"<p>W dniu 6 sierpnia 2022r na terenie ROD KOLEJARZ odby\u0142 si\u0119 kolejny festyn dzia\u0142kowca. By\u0142 konkurs plastyczny, dmuchane zamki, konkursy z wodzirejem, pyszna groch\u00f3wka i kie\u0142baski, a na koniec zabawa taneczna. Na pewno wspaniale sp\u0119dzony czas tym bardziej, \u017ce pogoda dopisa\u0142a. O atrakcyjno\u015bci imprezy \u015bwiadczy cho\u0107by ilo\u015b\u0107 samochod\u00f3w na drodze dojazdowej ( prze\u0142o\u017cy\u0142o si\u0119 to na ilo\u015b\u0107 uczestnik\u00f3w). Bardzo dzi\u0119kujemy zarz\u0105dowi i wszystkim<img loading=\"lazy\" decoding=\"async\" class=\"alignnone size-medium wp-image-190\" src=\"http:\/\/www.sdkolejarz-nskalmierzyce.com\/wp-content\/uploads\/2022\/08\/festyn-dzialkowca-6-VIII-22-2-300x225.jpg\" alt=\"\" width=\"300\" height=\"225\" srcset=\"http:\/\/www.sdkolejarz-nskalmierzyce.com\/wp-content\/uploads\/2022\/08\/festyn-dzialkowca-6-VIII-22-2-300x225.jpg 300w, http:\/\/www.sdkolejarz-nskalmierzyce.com\/wp-content\/uploads\/2022\/08\/festyn-dzialkowca-6-VIII-22-2-1024x768.jpg 1024w, http:\/\/www.sdkolejarz-nskalmierzyce.com\/wp-content\/uploads\/2022\/08\/festyn-dzialkowca-6-VIII-22-2-768x576.jpg 768w, http:\/\/www.sdkolejarz-nskalmierzyce.com\/wp-content\/uploads\/2022\/08\/festyn-dzialkowca-6-VIII-22-2-1536x1152.jpg 1536w, http:\/\/www.sdkolejarz-nskalmierzyce.com\/wp-content\/uploads\/2022\/08\/festyn-dzialkowca-6-VIII-22-2.jpg 2048w\" sizes=\"auto, (max-width: 300px) 100vw, 300px\" \/> <img loading=\"lazy\" decoding=\"async\" class=\"alignnone size-medium wp-image-191\" src=\"http:\/\/www.sdkolejarz-nskalmierzyce.com\/wp-content\/uploads\/2022\/08\/festyn-dzialkowca-6-VIII-22-3-300x225.jpg\" alt=\"\" width=\"300\" height=\"225\" srcset=\"http:\/\/www.sdkolejarz-nskalmierzyce.com\/wp-content\/uploads\/2022\/08\/festyn-dzialkowca-6-VIII-22-3-300x225.jpg 300w, http:\/\/www.sdkolejarz-nskalmierzyce.com\/wp-content\/uploads\/2022\/08\/festyn-dzialkowca-6-VIII-22-3-1024x768.jpg 1024w, http:\/\/www.sdkolejarz-nskalmierzyce.com\/wp-content\/uploads\/2022\/08\/festyn-dzialkowca-6-VIII-22-3-768x576.jpg 768w, http:\/\/www.sdkolejarz-nskalmierzyce.com\/wp-content\/uploads\/2022\/08\/festyn-dzialkowca-6-VIII-22-3-1536x1152.jpg 1536w, http:\/\/www.sdkolejarz-nskalmierzyce.com\/wp-content\/uploads\/2022\/08\/festyn-dzialkowca-6-VIII-22-3.jpg 2048w\" sizes=\"auto, (max-width: 300px) 100vw, 300px\" \/> <img loading=\"lazy\" decoding=\"async\" class=\"alignnone size-medium wp-image-192\" src=\"http:\/\/www.sdkolejarz-nskalmierzyce.com\/wp-content\/uploads\/2022\/08\/festyn-dzialkowca-6-VIII-22-6-300x225.jpg\" alt=\"\" width=\"300\" height=\"225\" srcset=\"http:\/\/www.sdkolejarz-nskalmierzyce.com\/wp-content\/uploads\/2022\/08\/festyn-dzialkowca-6-VIII-22-6-300x225.jpg 300w, http:\/\/www.sdkolejarz-nskalmierzyce.com\/wp-content\/uploads\/2022\/08\/festyn-dzialkowca-6-VIII-22-6-1024x768.jpg 1024w, http:\/\/www.sdkolejarz-nskalmierzyce.com\/wp-content\/uploads\/2022\/08\/festyn-dzialkowca-6-VIII-22-6-768x576.jpg 768w, http:\/\/www.sdkolejarz-nskalmierzyce.com\/wp-content\/uploads\/2022\/08\/festyn-dzialkowca-6-VIII-22-6-1536x1152.jpg 1536w, http:\/\/www.sdkolejarz-nskalmierzyce.com\/wp-content\/uploads\/2022\/08\/festyn-dzialkowca-6-VIII-22-6.jpg 2048w\" sizes=\"auto, (max-width: 300px) 100vw, 300px\" \/> <img loading=\"lazy\" decoding=\"async\" class=\"alignnone size-medium wp-image-193\" src=\"http:\/\/www.sdkolejarz-nskalmierzyce.com\/wp-content\/uploads\/2022\/08\/festyn-dzialkowca-6-VIII-22-7-300x225.jpg\" alt=\"\" width=\"300\" height=\"225\" srcset=\"http:\/\/www.sdkolejarz-nskalmierzyce.com\/wp-content\/uploads\/2022\/08\/festyn-dzialkowca-6-VIII-22-7-300x225.jpg 300w, http:\/\/www.sdkolejarz-nskalmierzyce.com\/wp-content\/uploads\/2022\/08\/festyn-dzialkowca-6-VIII-22-7-1024x768.jpg 1024w, http:\/\/www.sdkolejarz-nskalmierzyce.com\/wp-content\/uploads\/2022\/08\/festyn-dzialkowca-6-VIII-22-7-768x576.jpg 768w, http:\/\/www.sdkolejarz-nskalmierzyce.com\/wp-content\/uploads\/2022\/08\/festyn-dzialkowca-6-VIII-22-7-1536x1152.jpg 1536w, http:\/\/www.sdkolejarz-nskalmierzyce.com\/wp-content\/uploads\/2022\/08\/festyn-dzialkowca-6-VIII-22-7.jpg 2048w\" sizes=\"auto, (max-width: 300px) 100vw, 300px\" \/> <img loading=\"lazy\" decoding=\"async\" class=\"alignnone size-medium wp-image-194\" src=\"http:\/\/www.sdkolejarz-nskalmierzyce.com\/wp-content\/uploads\/2022\/08\/festyn-dzialkowca-6-VIII-22-8-300x225.jpg\" alt=\"\" width=\"300\" height=\"225\" srcset=\"http:\/\/www.sdkolejarz-nskalmierzyce.com\/wp-content\/uploads\/2022\/08\/festyn-dzialkowca-6-VIII-22-8-300x225.jpg 300w, http:\/\/www.sdkolejarz-nskalmierzyce.com\/wp-content\/uploads\/2022\/08\/festyn-dzialkowca-6-VIII-22-8-1024x768.jpg 1024w, http:\/\/www.sdkolejarz-nskalmierzyce.com\/wp-content\/uploads\/2022\/08\/festyn-dzialkowca-6-VIII-22-8-768x576.jpg 768w, http:\/\/www.sdkolejarz-nskalmierzyce.com\/wp-content\/uploads\/2022\/08\/festyn-dzialkowca-6-VIII-22-8-1536x1152.jpg 1536w, http:\/\/www.sdkolejarz-nskalmierzyce.com\/wp-content\/uploads\/2022\/08\/festyn-dzialkowca-6-VIII-22-8.jpg 2048w\" sizes=\"auto, (max-width: 300px) 100vw, 300px\" \/> <img loading=\"lazy\" decoding=\"async\" class=\"alignnone size-medium wp-image-195\" src=\"http:\/\/www.sdkolejarz-nskalmierzyce.com\/wp-content\/uploads\/2022\/08\/festyn-dzialkowca-6-VIII-22-9-225x300.jpg\" alt=\"\" width=\"225\" height=\"300\" srcset=\"http:\/\/www.sdkolejarz-nskalmierzyce.com\/wp-content\/uploads\/2022\/08\/festyn-dzialkowca-6-VIII-22-9-225x300.jpg 225w, http:\/\/www.sdkolejarz-nskalmierzyce.com\/wp-content\/uploads\/2022\/08\/festyn-dzialkowca-6-VIII-22-9.jpg 526w\" sizes=\"auto, (max-width: 225px) 100vw, 225px\" \/> <img loading=\"lazy\" decoding=\"async\" class=\"alignnone size-medium wp-image-196\" src=\"http:\/\/www.sdkolejarz-nskalmierzyce.com\/wp-content\/uploads\/2022\/08\/festyn-dzialkowca-6-VIII-22-10-225x300.jpg\" alt=\"\" width=\"225\" height=\"300\" srcset=\"http:\/\/www.sdkolejarz-nskalmierzyce.com\/wp-content\/uploads\/2022\/08\/festyn-dzialkowca-6-VIII-22-10-225x300.jpg 225w, http:\/\/www.sdkolejarz-nskalmierzyce.com\/wp-content\/uploads\/2022\/08\/festyn-dzialkowca-6-VIII-22-10.jpg 526w\" sizes=\"auto, (max-width: 225px) 100vw, 225px\" \/> <img loading=\"lazy\" decoding=\"async\" class=\"alignnone size-medium wp-image-197\" src=\"http:\/\/www.sdkolejarz-nskalmierzyce.com\/wp-content\/uploads\/2022\/08\/festyn-dzialkowca-6-VIII-22-300x225.jpg\" alt=\"\" width=\"300\" height=\"225\" srcset=\"http:\/\/www.sdkolejarz-nskalmierzyce.com\/wp-content\/uploads\/2022\/08\/festyn-dzialkowca-6-VIII-22-300x225.jpg 300w, http:\/\/www.sdkolejarz-nskalmierzyce.com\/wp-content\/uploads\/2022\/08\/festyn-dzialkowca-6-VIII-22-1024x768.jpg 1024w, http:\/\/www.sdkolejarz-nskalmierzyce.com\/wp-content\/uploads\/2022\/08\/festyn-dzialkowca-6-VIII-22-768x576.jpg 768w, http:\/\/www.sdkolejarz-nskalmierzyce.com\/wp-content\/uploads\/2022\/08\/festyn-dzialkowca-6-VIII-22-1536x1152.jpg 1536w, http:\/\/www.sdkolejarz-nskalmierzyce.com\/wp-content\/uploads\/2022\/08\/festyn-dzialkowca-6-VIII-22.jpg 2048w\" sizes=\"auto, (max-width: 300px) 100vw, 300px\" \/> zaanga\u017cowanym w zorganizowanie festynu.<\/p>\n","protected":false},"excerpt":{"rendered":"<p>W dniu 6 sierpnia 2022r na terenie ROD KOLEJARZ odby\u0142 si\u0119 kolejny festyn dzia\u0142kowca. By\u0142 konkurs plastyczny, dmuchane zamki, konkursy z wodzirejem, pyszna groch\u00f3wka i kie\u0142baski, a na koniec zabawa taneczna. Na pewno wspaniale sp\u0119dzony czas tym bardziej, \u017ce pogoda dopisa\u0142a. O atrakcyjno\u015bci imprezy \u015bwiadczy cho\u0107by ilo\u015b\u0107 samochod\u00f3w na drodze dojazdowej ( prze\u0142o\u017cy\u0142o si\u0119 to<br \/><a class=\"moretag\" href=\"http:\/\/www.sdkolejarz-nskalmierzyce.com\/index.php\/festyn-dzialkowca-2022r\/\">+ Read More<\/a><\/p>\n","protected":false},"author":1,"featured_media":0,"parent":0,"menu_order":0,"comment_status":"closed","ping_status":"closed","template":"","meta":{"footnotes":""},"class_list":["post-188","page","type-page","status-publish","hentry"],"_links":{"self":[{"href":"http:\/\/www.sdkolejarz-nskalmierzyce.com\/index.php\/wp-json\/wp\/v2\/pages\/188","targetHints":{"allow":["GET"]}}],"collection":[{"href":"http:\/\/www.sdkolejarz-nskalmierzyce.com\/index.php\/wp-json\/wp\/v2\/pages"}],"about":[{"href":"http:\/\/www.sdkolejarz-nskalmierzyce.com\/index.php\/wp-json\/wp\/v2\/types\/page"}],"author":[{"embeddable":true,"href":"http:\/\/www.sdkolejarz-nskalmierzyce.com\/index.php\/wp-json\/wp\/v2\/users\/1"}],"replies":[{"embeddable":true,"href":"http:\/\/www.sdkolejarz-nskalmierzyce.com\/index.php\/wp-json\/wp\/v2\/comments?post=188"}],"version-history":[{"count":2,"href":"http:\/\/www.sdkolejarz-nskalmierzyce.com\/index.php\/wp-json\/wp\/v2\/pages\/188\/revisions"}],"predecessor-version":[{"id":199,"href":"http:\/\/www.sdkolejarz-nskalmierzyce.com\/index.php\/wp-json\/wp\/v2\/pages\/188\/revisions\/199"}],"wp:attachment":[{"href":"http:\/\/www.sdkolejarz-nskalmierzyce.com\/index.php\/wp-json\/wp\/v2\/media?parent=188"}],"curies":[{"name":"wp","href":"https:\/\/api.w.org\/{rel}","templated":true}]}}